 millions digit of 92166042?
2
What is the thousands digit of 48483827?
3
What is the millions digit of 62280487?
2
What is the ten thousands digit of 36365549?
6
What is the hundreds digit of 1078237341?
3
What is the hundred millions digit of 262530241?
2
What is the millions digit of 2597482603?
7
What is the hundreds digit of 24006079?
0
What is the hundred millions digit of 152603421?
1
What is the units digit of 947407748?
8
What is the ten millions digit of 1703082449?
0
What is the units digit of 22224181?
1
What is the thousands digit of 670085289?
5
What is the millions digit of 5969501270?
9
What is the hundred thousands digit of 526924501?
9
What is the thousands digit of 43631532?
1
What is the ten millions digit of 163802790?
6
What is the ten thousands digit of 132744913?
4
What is the units digit of 187360459?
9
What is the hundred thousands digit of 1773355426?
3
What is the hundred millions digit of 534960192?
5
What is the ten thousands digit of 16827765?
2
What is the hundred thousands digit of 100165689?
1
What is the ten millions digit of 2401356307?
0
What is the hundred thousands digit of 664410235?
4
What is the hundred millions digit of 1757819284?
7
What is the ten thousands digit of 1194276526?
7
What is the billions digit of 3086740838?
3
What is the tens digit of 4345839047?
4
What is the units digit of 55848299?
9
What is the hundred thousands digit of 1412793566?
7
What is the ten millions digit of 207250418?
0
What is the hundred millions digit of 113827481?
1
What is the ten thousands digit of 3748733742?
3
What is the hundred thousands digit of 1010858872?
8
What is the units digit of 70510156?
6
What is the hundred thousands digit of 78414864?
4
What is the thousands digit of 511969156?
9
What is the ten millions digit of 19506518?
1
What is the hundred thousands digit of 168741953?
7
What is the hundred thousands digit of 31627700?
6
What is the billions digit of 1133947220?
1
What is the millions digit of 5871511642?
1
What is the units digit of 4641240?
0
What is the units digit of 4331259?
9
What is the thousands digit of 2444498737?
8
What is the units digit of 3196972?
2
What is the units digit of 471649440?
0
What is the hundreds digit of 24303054?
0
What is the thousands digit of 684135116?
5
What is the hundred thousands digit of 62303101?
3
What is the units digit of 34272700?
0
What is the hundred thousands digit of 230963165?
9
What is the thousands digit of 171383621?
3
What is the hundreds digit of 461274156?
1
What is the thousands digit of 47233377?
3
What is the tens digit of 50493972?
7
What is the millions digit of 918650556?
8
What is the units digit of 602263467?
7
What is the thousands digit of 35435990?
5
What is the millions digit of 3236828103?
6
What is the ten thousands digit of 6482430210?
3
What is the hundred thousands digit of 715137117?
1
What is the thousands digit of 252922896?
2
What is the millions digit of 39597692?
9
What is the millions digit of 107960557?
7
What is the millions digit of 62003088?
2
What is the thousands digit of 20346530?
6
What is the millions digit of 273875124?
3
What is the ten millions digit of 338900751?
3
What is the tens digit of 389793455?
5
What is the thousands digit of 5302754?
2
What is the hundred thousands digit of 121850941?
8
What is the thousands digit of 8939593340?
3
What is the hundreds digit of 799177283?
2
What is the thousands digit of 403564949?
4
What is the millions digit of 3770849128?
0
What is the ten millions digit of 173296814?
7
What is the hundreds digit of 853419319?
3
What is the ten millions digit of 142138537?
4
What is the hundred millions digit of 2487382398?
4
What is the tens digit of 2045983934?
3
What is the tens digit of 983708719?
1
What is the tens digit of 42408594?
9
What is the hundred millions digit of 146233461?
1
What is the thousands digit of 3794247312?
7
What is the millions digit of 57800623?
7
What is the thousands digit of 27599677?
9
What is the tens digit of 15486233?
3
What is the hundreds digit of 3627904911?
9
What is the millions digit of 12756775?
2
What is the thousands digit of 1807493674?
3
What is the thousands digit of 403017002?
7
What is the ten millions digit of 107652345?
0
What is the millions digit of 548022179?
8
What is the ten thousands digit of 3924806876?
0
What is the billions digit of 1010488247?
1
What is the units digit of 21094744?
4
What is the hundreds digit of 1387262747?
7
What is the thousands digit of 44303752?
3
What is the hundreds digit of 60449825?
8
What is the hundreds digit of 165155400?
4
What is the millions digit of 932264805?
2
What is the units digit of 6115516787?
7
What is the units digit of 90848161?
1
What is the hundred millions digit of 1299128155?
2
What is the ten millions digit of 1163410398?
6
What is the units digit of 60651696?
6
What is the hundreds digit of 291229402?
4
What is the millions digit of 81188937?
1
What is the hundred thousands digit of 3436911469?
9
What is the thousands digit of 49836306?
6
What is the hundred millions digit of 1354269384?
3
What is the thousands digit of 400245402?
5
What is the units digit of 1790670145?
5
What is the ten thousands digit of 46091450?
9
What is the hundred thousands digit of 14314194?
3
What is the hundreds digit of 40421829?
8
What is the millions digit of 3555906?
3
What is the hundreds digit of 414449158?
1
What is the ten millions digit of 21322359?
2
What is the ten thousands digit of 296071114?
7
What is the millions digit of 972651984?
2
What is the hundred thousands digit of 548368509?
3
What is the hundred millions digit of 137882504?
1
What is the tens digit of 297665568?
6
What is the hundred millions digit of 118873529?
1
What is the thousands digit of 66697375?
7
What is the hundred thousands digit of 68198274?
1
What is the hundred millions digit of 118120784?
1
What is the ten thousands digit of 1083254613?
5
What is the billions digit of 4065244048?
4
What is the hundred thousands digit of 594980956?
9
What is the ten millions digit of 65611595?
6
What is the millions digit of 4030583432?
0
What is the billions digit of 1547651657?
1
What is the ten thousands digit of 43930196?
3
What is the hundred thousands digit of 117170134?
1
What is the hundred millions digit of 117404746?
1
What is the hundreds digit of 520969046?
0
What is the ten thousands digit of 413504701?
0
What is the ten millions digit of 2709124061?
0
What is the hundred millions digit of 2589843726?
5
What is the thousands digit of 70072955?
2
What is the hundred thousands digit of 773546698?
5
What is the hundreds digit of 698900293?
2
What is the tens digit of 90147916?
1
What is the thousands digit of 1289437699?
7
What is the tens digit of 40680101?
0
What is the hundred millions digit of 139285370?
1
What is the ten thousands digit of 227136531?
3
What is the ten millions digit of 28804816?
2
What is the thousands digit of 249261116?
1
What is the hundreds digit of 1816857106?
1
What is the hundreds digit of 1547735936?
9
What is the ten thousands digit of 518110460?
1
What is the ten thousands digit of 19532524?
3
What is the thousands digit of 912006150?
6
What is the units digit of 31494469?
9
What is the units digit of 997206708?
8
What is the ten thousands digit of 18055485?
5
What is the hundred millions digit of 566995524?
5
What is the hundreds digit of 171779720?
7
What is the units digit of 670151720?
0
What is the thousands digit of 3009134497?
4
What is the ten millions digit of 266303215?
6
What is the millions digit of 767577009?
7
What is the hundreds digit of 89316329?
3
What is the hundred millions digit of 954646903?
9
What is the ten thousands digit of 37685077?
8
What is the ten thousands digit of 3492597151?
9
What is the hundred thousands digit of 245876300?
8
What is the hundred thousands digit of 6770713917?
7
What is the hundred millions digit of 183629443?
1
What is the hundreds digit of 2394922608?
6
What is the hundred thousands digit of 1007707534?
7
What is the hundreds digit of 8267322?
3
What is the hundreds digit of 380714748?
7
What is the units digit of 203369655?
5
What is the ten thousands digit of 352332774?
3
What is the ten thousands digit of 1285122087?
